30. List the prime factors of h.
37
What are the prime factors of 22*(-18)/24*440/(-15)?
2, 11
What are the prime factors of 22804/12 + (-18)/(-27)?
1901
Suppose 5*n - b - 679 = -3*b, -n + 2*b = -131. Suppose -2*u + 80 = 7*k - 3*k, -4*u = 3*k - n. List the prime factors of u.
2, 3, 5
Let y(u) = -u - 1. Let q be y(-5). Let j(g) = 8*g**2 + 5*g + 2. Let t(m) = 23*m**2 + 14*m + 6. Let c(f) = q*t(f) - 11*j(f). What are the prime factors of c(3)?
41
Suppose -18448 = 240*a - 244*a + 5*n, -n + 4 = 0. What are the prime factors of a?
3, 19
Suppose -3 = -2*k + 17. Let y be k*7/(140/88). Suppose 0*m + y = 2*m. What are the prime factors of m?
2, 11
Let h = -1663 - -2468. What are the prime factors of h?
5, 7, 23
Suppose 5*w - 4*z = 7, w = -0*w + 4*z - 5. Let i be w + 2 + -5 + 3. Suppose -i*o = -12 - 108. What are the prime factors of o?
2, 5
Let z(o) = 10*o**2 - 22*o + 148. What are the prime factors of z(15)?
2, 11, 47
Let w be -125*(-2)/5*(-3 + 5). Let t = 151 - w. What are the prime factors of t?
3, 17
Let b = -53 + 607. What are the prime factors of b?
2, 277
Let c = 1220 - -1381. What are the prime factors of c?
3, 17
Let q be 603/(-12) + 24/(-32). Let s = 86 + q. List the prime factors of s.
5, 7
Suppose -224*n + 234*n - 23590 = 0. What are the prime factors of n?
7, 337
Suppose -52*r = -48*r + 5*w - 394, 200 = 2*r + w. What are the prime factors of r?
101
Let h(f) = 0 + 27*f - 29*f - 9. List the prime factors of h(-10).
11
Suppose -82 = 5*a + 5*q - 577, -522 = -5*a + 4*q. Let v = a - -5. List the prime factors of v.
107
Let m(d) = -11 + 5 - 6 + d**3 + 9*d**2 - 5*d. Let f be m(-9). Suppose -5*x + 20 = 0, 0*s + 4*x = -s + f. What are the prime factors of s?
17
Let b(f) = f**3 - 4*f**2 + f - 2. Let m be b(4). What are the prime factors of 105/3 - (2 + m - 6)?
37
Suppose -2*w = 4*w - 12. Let q be (-3679)/26 + w/(-4). Let i = -87 - q. List the prime factors of i.
5, 11
Let m(a) = 816*a - 300. List the prime factors of m(5).
2, 3, 5, 7
Let g be 6/12*(7 + 1). Suppose g*d + 0*d = 8. Suppose d*r - 66 = -r. What are the prime factors of r?
2, 11
Suppose 5*x - 2*x = -a + 16, 8 = 2*a. Suppose x*t - 2*p - 110 = 0, -6 = -t - 2*p + 29. What are the prime factors of t?
29
Let g(y) be the third derivative of -13*y**4/24 - 7*y**3/3 - 7*y**2. Let s be g(9). Let i = -84 - s. What are the prime factors of i?
47
Let j(l) = -14*l - 2 - 2 - 2 - 1. List the prime factors of j(-3).
5, 7
Suppose -2*l = 5*h - 2934, 7*h - 2*l = 9*h - 1170. List the prime factors of h.
2, 3, 7
Suppose -144 = -4*a - 28. Suppose -3*d + a = -25. What are the prime factors of d?
2, 3
Let p(i) = 35*i**2 - 2*i + 1. Let d be p(-5). Let u = d + -559. List the prime factors of u.
3, 109
Let w(f) = 4*f**3 - 4*f**2 - 25*f + 24. What are the prime factors of w(8)?
2, 101
List the prime factors of 4322*(-1)/(-2) + -6.
5, 431
Let k = -9 - -11. Let s(f) = -2*f**2 + f**3 + 3*f - 5*f**k + 2*f**2 + 0*f + 3. List the prime factors of s(5).
2, 3
Let p = -37 - -61. Suppose p = o - 5*o. What are the prime factors of (o/(-7))/((-8)/(-112))?
2, 3
Let t = 157 + -87. Suppose 4*v - 14 = -t. Let o = 15 - v. What are the prime factors of o?
29
Suppose 0 = -s - 4*s, -2*c + 5*s + 4404 = 0. List the prime factors of c.
2, 3, 367
Suppose -2*p - 5*s = 2*p - 3453, 2*s = -3*p + 2581. What are the prime factors of p?
857
Let w(j) = -6*j + 11. Suppose -4*d - 46 = -5*b, d + 8 = -b - 8. List the prime factors of w(d).
5, 19
Let w be (10/15)/((-2)/(-102)). List the prime factors of w/4 + 1/(-2) + 1.
3
Let s = -11 - -15. Suppose -s*v = -473 + 125. List the prime factors of v.
3, 29
Let d = 798 - 91. Suppose d = 5*c - 108. What are the prime factors of c?
163
Suppose -19 = 3*x - x + 3*q, q + 3 = 0. Let a(h) = 1. Let y(t) = -t**3 - 5*t**2 - t - 5. Let n(p) = 2*a(p) - y(p). What are the prime factors of n(x)?
2
Suppose 4*m + 10*q - 613 = 11*q, 2*m + 5*q - 301 = 0. Suppose 0 = -0*y + 5*y + 505. Let d = y + m. What are the prime factors of d?
2, 13
Let c(f) = -18*f - 357. List the prime factors of c(-74).
3, 5, 13
Suppose -7*u = -12*u + 3*n + 12099, -n = -2. What are the prime factors of u?
3, 269
Let v(t) = t**3 - 7*t**2 - 5*t - 7. Let u be v(8). Suppose 0 = -3*h + 8*h. Suppose h = -p + u - 3. What are the prime factors of p?
2, 7
Suppose -6*j = 5*j - 6303. What are the prime factors of j?
3, 191
Let n(z) = z**3 + 7*z**2 - 16*z - 5. Let c be n(-8). Suppose -2*r + 285 = -c. What are the prime factors of r?
2, 43
Suppose x + 5*x + 1104 = 0. Let a = -76 - x. What are the prime factors of a?
2, 3
Let l be 3 + (12 - (3 - 1)) + 3. Suppose -114 = -l*c + 13*c. List the prime factors of c.
2, 19
Let f = 1667 + -1139. List the prime factors of f.
2, 3, 11
Suppose -20*i + 6*i = -1722. What are the prime factors of i?
3, 41
Suppose 3*j + 3 = 27. What are the prime factors of 58 - (-12)/j*2?
61
Let j be (-3)/12 + 1558/(-8). Let q = -115 - j. What are the prime factors of q?
2, 5
Let m(r) = 0 + 0 + 2 - 10*r + 0. Let o be m(-1). Suppose -83 = -5*f - n, -3*n = -f - o + 35. What are the prime factors of f?
17
Let w be 152/20 - (-6)/15. Suppose w = m + 2. List the prime factors of 8/m*18 - 0.
2, 3
Suppose -w = -2*q - 2*q - 427, -5*w + 2*q = -2117. List the prime factors of w.
3, 47
List the prime factors of 0 + -13 - (-25 - 4533).
3, 5, 101
Suppose 82*v = 17*v + 264290. List the prime factors of v.
2, 19, 107
Suppose 8*s - 1269 - 283 = 0. Suppose s*r - 193*r - 28 = 0. What are the prime factors of r?
2, 7
What are the prime factors of (-26)/(-4)*3*(-78)/(-9)?
13
Let u(t) = t**3 - 8*t**2 + 9*t - 8. Let x be u(7). Let d be (1/(-2))/((-2)/32) - 3. Let b = d + x. What are the prime factors of b?
11
Suppose -21 = 5*t - 146. Let o be ((-510)/t)/(6/20). Let u = -47 - o. What are the prime factors of u?
3, 7
Let g(o) = -o**2 - 11*o + 9. Let u be g(-8). Let f be (22/u)/(1/18). Suppose f + 50 = 2*a - 4*v, -3*a + 103 = -v. List the prime factors of a.
5, 7
Let f be 56/14 + (0 - 4). Suppose 0 = -f*i - 2*i + 228. Suppose -3*d = 3*d - i. What are the prime factors of d?
19
Let j(m) = 156*m**2 + 10*m - 15. What are the prime factors of j(-6)?
3, 1847
Let p = -30 + 32. Suppose 0 = 5*t + w - 68, -5*w + 34 = 3*t + p. List the prime factors of t.
2, 7
Let p(w) = -9*w + 1. Suppose 3*f = f + 8. Suppose -f*d + 0*d - 8 = 0. List the prime factors of p(d).
19
Let h(a) = 3*a + 17. Let d be h(-5). Suppose 0 = -d*c - 5*c + 539. List the prime factors of c.
7, 11
Suppose 0 = w - 3*p - 1595 + 348, 5*w - 2*p = 6170. What are the prime factors of 3 + w/21 + (-4)/6?
61
Let q be (2 - 4)*8/(-8). Suppose -q = 4*m - 18. Suppose -188 = -m*c + 5*r - 12, 44 = c + 5*r. List the prime factors of c.
2, 11
Let b = -79 + 152. Suppose o - b = -4*f + 290, 0 = -4*f + o + 357. List the prime factors of f.
2, 3, 5
Let r = -54 + 54. List the prime factors of (r/4 + -4)*-7.
2, 7
Suppose -3*c + 4*k = -0 + 8, -2*c = 5*k + 36. Let n = -6 - c. Suppose -56 = -4*x - b, -5*x + n*x + 51 = 3*b. List the prime factors of x.
13
Let v be 2/8 + (-441)/(-28). Let i = 31 - v. What are the prime factors of i?
3, 5
Suppose 3*s = 6 + 3. Suppose -2*u + 6 = s*q - 2, -u + 15 = -4*q. Let m(z) = z**3 - 6*z**2 - 5*z - 1. What are the prime factors of m(u)?
13
Let p = 1457 - 710. What are the prime factors of p?
3, 83
Let h(l) = 52*l + 42*l + 33*l. What are the prime factors of h(1)?
127
Let w be 2/((8/2)/40). Suppose -w = -5*v - 0*v. Suppose y + v*y = 95. What are the prime factors of y?
19
Suppose -3*c + 2*c + 8 = 0. Suppose 0 = 3*x + 2*f - 76, c*f + 29 = x + 5*f. Let j = x + -18. List the prime factors of j.
2
Suppose -12*n + 7955 = -6529. List the prime factors of n.
17, 71
Let k(u) = 119*u - 92. List the prime factors of k(4).
2, 3
Let x(q) = -5*q + 27. Let o(t) = 6*t - 27. Let s(j) = 4*o(j) + 5*x(j). What are the prime factors of s(-14)?
41
Suppose -2 = t, 7 = 4*c - 3*t + 1. Suppose c = g - 16 + 3. List the prime factors of g.
13
Let n be 1*2*(-5 - -4). What are the prime factors of (-99)/n - 9/18?
7
Let d be (-2)/(-13) - (-4)/(-26). What are the prime factors of (2 + d)*(10 - -1)?
2, 11
Let m(q) = 6*q - 20. Let l be m(4). Suppose -l*f = -3*f - 11. What are the prime factors of f?
11
Let h(x) = 6*x**2 - 3*x. Let n be h(2). Let b = -29 + n. Let r = 49 + b. List the prime factors of r.
2, 19
Suppose 4*n + v - 3877 = 0, 3*